{"id":227,"date":"2024-06-03T14:26:19","date_gmt":"2024-06-03T14:26:19","guid":{"rendered":"https:\/\/gaiasgifts22.nl\/?page_id=227"},"modified":"2024-07-27T12:22:13","modified_gmt":"2024-07-27T12:22:13","slug":"hoe-edelstenen-te-behandelen","status":"publish","type":"page","link":"https:\/\/gaiasgifts22.nl\/?page_id=227","title":{"rendered":"Edelstenen reinigen en opladen"},"content":{"rendered":"\n<div class=\"wp-block-group has-global-padding is-layout-constrained wp-block-group-is-layout-constrained\">\n<h2 class=\"wp-block-heading has-white-color has-text-color has-link-color wp-elements-b4fb3a21a5c861f5ef6ab4ab487e4fbf\">Edelstenen reinigen en opladen<\/h2>\n\n\n\n<div class=\"wp-block-group has-global-padding is-layout-constrained wp-block-group-is-layout-constrained\">\n<p class=\"has-black-color has-text-color has-background has-link-color wp-elements-4e6836577bf98ee16e8426bb5997ee4c\" style=\"background-color:#dcedff\">De positieve energie die een edelsteen aan zijn directe omgeving afgeeft, zal regelmatig moeten worden aangevuld (opladen) of worden gereinigd van negatieve energie die de edelsteen heeft opgedaan tijdens het gebruik zal ook regelmatig moeten worden ontladen reinigen).&nbsp;<\/p>\n\n\n\n<p class=\"has-background\" style=\"background-color:#dcedff\">Zo is het bijvoorbeeld verstandig om een steen of sieraad welke je nieuw aanschaft eerst te reinigen en opnieuw op te laden voor het gebruik, zodat je gelijk van de positieve energie van de edelsteen gebruik kunt maken. Ook als de steen dof lijkt te worden of als er barstjes in komen, is dit een teken dat de steen gereinigd en opgeladen moet worden.&nbsp;<\/p>\n\n\n\n<p class=\"has-background\" style=\"background-color:#dcedff\">Hoe vaak de edelsteen reinigt en opgeladen moeten worden is afhankelijk van:<\/p>\n\n\n\n<ul style=\"background-color:#dcedff\" class=\"wp-block-list has-background\">\n<li>Als je voelt dat de werking minder wordt dan heeft de steen teveel negatieve energie opgenomen is en dat is een belangrijke indicatie;<\/li>\n\n\n\n<li>Als je een steen bij je draagt voor de (geneeskrachtige of therapeutische) werking, kun je \u2018m beter \u00e9\u00e9n maal per week reinigen en laden;<\/li>\n\n\n\n<li>Als je een steen gebruikt als gids of om mee te mediteren voldoet \u00e9\u00e9n keer per week tot \u00e9\u00e9n keer per maand, afhankelijk van de intensiteit van het gebruik;<\/li>\n\n\n\n<li>Daarnaast hangt het ook af van de soort edelsteen hoe vaak er gereinigd en geladen moet worden. Edelstenen, zoals toermalijn en barnsteen, nemen veel energie op en moeten dus regelmatiger gereinigd worden.<\/li>\n<\/ul>\n\n\n\n<p class=\"has-background has-extra-large-font-size\" style=\"background-color:#dcedff\">Het reinigen van edelstenen<\/p>\n\n\n\n<p class=\"has-background\" style=\"background-color:#dcedff\">Wat betreft het reinigen van stenen zijn er diverse methoden. Welke methode het meest geschikt is, verschilt ook weer per steen. Hieronder volgt een overzichtje van de meest gebruikte reinigingsmethoden<\/p>\n\n\n\n<p class=\"has-background\" style=\"background-color:#dcedff\">Stromend water: De eerste methode om een steen te reinigen is door hem minimaal vijf minuten onder&nbsp;stromend water&nbsp;te houden. Dit kan gewoon onder de kraan maar natuurlijk ook in een beekje of in de branding. Dit is een van de snelste reinigingsmethoden maar niet geschikt als grondige reiniging. Bovendien worden sommige stenen aangetast door water en kunnen dan niet in water worden gereinigd. Dit geldt o.a. voor seleniet, lapis lazuli, calciet, angeliet, magnetiet, turkoois en malachiet. Dus let hier een beetje op!<\/p>\n\n\n\n<p class=\"has-background\" style=\"background-color:#dcedff\">Aarde: Ook door een steen onafgebroken voor 24 uur of langer (hoe langer, hoe beter) in de&nbsp;aarde&nbsp;te stoppen kan hij zijn negatieve lading kwijt raken. Dit is veilig voor alle stenen.<\/p>\n\n\n\n<p class=\"has-background\" style=\"background-color:#dcedff\">Hematiet: Een andere, voor stenen veilige, reiniging is door de edelsteen minstens 24 uur in hematiet te leggen. Omdat de hematiet zelf de negatieve lading uit de edelsteen overneemt, zal de hematiet zelf uiteindelijk ook gereinigd en opgeladen moeten worden. Let op: onder stromend water is een goede methode echter hematiet k\u00e1n gaan roesten, dus goed de steentjes na gebruik drogen.<\/p>\n\n\n\n<p class=\"has-background\" style=\"background-color:#dcedff\">Salie, wierook sandelhout en andere reinigende kruiden: Door&nbsp;de edelsteen (liefst tegen de wijzers van de klok in) door de rook van brandende salie (of het gebruik van andere reinigende kruiden) te halen, worden stenen ook gereinigd. De reinigende werking wordt daarnaast versterkt als de rook tegen de wijzers van de klok in wordt gedraaid. Door met de wijzers van de klok mee te draaien, kan een steen juist opgeladen worden. Wierook&nbsp;werkt hetzelfde.<\/p>\n\n\n\n<p class=\"has-background\" style=\"background-color:#dcedff\">Amethist: Amethist is een uitstekende steen om andere stenen mee te reinigen. Door een steen een uur of twaalf in een amethistgeode, op een amethistcluster of op een bedje van amethist steentjes te leggen wordt deze vanzelf gereinigd. Een amethistgeode geniet de voorkeur aangezien je deze zeer zelden hoeft te reinigen en de steen totaal omringd is met de energie van amethist en daardoor nog dieper gereinigd wordt. Een amethistcluster en amethist steentjes moet je daarentegen vaker zelf reinigen (amethist steentjes kun je heel goed onder stromend water reinigen).<\/p>\n\n\n\n<p class=\"has-background\" style=\"background-color:#dcedff\">Seleniet: Leg de edelsteen minimaal voor 24 uur op een platte seleniet of schaaltje van seleniet. Seleniet zelf moet ook regelmatig gereinigd en opgeladen worden. Let op: gebruik geen water, want daar kan seleniet niet goed tegen!<\/p>\n\n\n\n<p class=\"has-background\" style=\"background-color:#dcedff\">De Meru piramide: De&nbsp;Meru piramide combineert twee eeuwenoude energetische hulpmiddelen: de piramide en het Shri Yantra symbool. Als deze twee symbolen worden samengevoegd, dan krijg je de Meru Piramide. Door de edelstenen minimaal 8 uur ononderbroken in de piramide te leggen, worden de stenen gereinigd en geladen. Ook hier geldt: hoe langer hoe beter.<img loading=\"lazy\" decoding=\"async\" width=\"150\" height=\"127\" class=\"wp-image-855\" style=\"width: 150px;\" src=\"https:\/\/gaiasgifts22.nl\/wp-content\/uploads\/2024\/07\/4640aaefa6e6ba0d67af8fda11076d624b4ff337.webp\" alt=\"\" srcset=\"https:\/\/gaiasgifts22.nl\/wp-content\/uploads\/2024\/07\/4640aaefa6e6ba0d67af8fda11076d624b4ff337.webp 542w, https:\/\/gaiasgifts22.nl\/wp-content\/uploads\/2024\/07\/4640aaefa6e6ba0d67af8fda11076d624b4ff337-300x254.webp 300w\" sizes=\"auto, (max-width: 150px) 100vw, 150px\" \/><\/p>\n\n\n\n<p class=\"has-background has-extra-large-font-size\" style=\"background-color:#dcedff\">Het opladen van edelstenen<\/p>\n\n\n\n<p class=\"has-background\" style=\"background-color:#dcedff\">Na het reinigen moet er natuurlijk ook weer met positieve energie worden geladen. Door de edelsteen of edelsteensieraad weer op te laden krijgt \u2018 ie z\u2019n kracht weer terug. Hieronder volgen de meest gebruikte methodes:<\/p>\n\n\n\n<p class=\"has-background\" style=\"background-color:#dcedff\">Maanlicht: Door de steen minimaal 1 nacht in het&nbsp;maanlicht&nbsp;te leggen (dit kan gewoon achter glas), wordt de natuurlijke energie van de steen weer aangevuld. Dit is een hele zachte en veilige methode om stenen op te laden. Bijzonder geschikt hiervoor is natuurlijk volle maanlicht!<\/p>\n\n\n\n<p class=\"has-background\" style=\"background-color:#dcedff\">Zonlicht: Zonlicht is veel intensiever dan maanlicht en niet alle stenen kunnen daar tegen. Hou daar rekening mee en probeer edelstenen niet op te laden als de zon het felst is, maar bijvoorbeeld bij zonsop- of ondergang. Stenen als turkoois, toermalijn, rozenkwarts, opaal, malachiet, larimar, kunziet, fluoriet, celestien, beryl, aquamarijn en amethist kunnen in de volle zon hun kleur verliezen.<\/p>\n\n\n\n<p class=\"has-background\" style=\"background-color:#dcedff\">Bergkristal: Door een edelsteen minimaal 24 uur in een bergkristalgeode, op een bergkristalcluster of in een schelp of bakje met bergkristallen te leggen, kun je een edelsteen ook weer opladen met positieve energie. Ook hier geniet een geode de voorkeur. Let op dat je de bergkristal zelf ook regelmatig reinigt, bijvoorbeeld onder stromend water.<\/p>\n\n\n\n<p class=\"has-background\" style=\"background-color:#dcedff\">Seleniet: Een zeer zachte manier van opladen is met behulp van seleniet, bijvoorbeeld door de steen op een platte seleniet of schaaltje van seleniet te leggen. Omdat de energie van seleniet erg zacht is, wordt aangeraden de steen minimaal 24 uur op de seleniet te laten liggen. Seleniet zelf moet ook regelmatig gereinigd en opgeladen worden, maar let hierbij op dat de seleniet zelf niet goed tegen water kan.<\/p>\n\n\n\n<p class=\"has-black-color has-text-color has-background has-link-color wp-elements-6541bf08d78ed41d85221ec9876d8f11\" style=\"background-color:#dcedff\">De Meru piramide: Voor reinigen en opladen. Zie de omschrijving hierboven.<\/p>\n\n\n\n<p class=\"has-background\" style=\"background-color:#dcedff\">Hieronder zie je een voorbeeld van het opladen van een door mij gemaakte halsketting en armband met behulp van Seleniet:<\/p>\n<\/div>\n\n\n\n<figure class=\"wp-block-image size-large is-resized\"><img loading=\"lazy\" decoding=\"async\" width=\"701\" height=\"1024\" src=\"https:\/\/gaiasgifts22.nl\/wp-content\/uploads\/2024\/07\/IMG_3043-701x1024.jpeg\" alt=\"\" class=\"wp-image-677\" style=\"width:998px;height:auto\" srcset=\"https:\/\/gaiasgifts22.nl\/wp-content\/uploads\/2024\/07\/IMG_3043-701x1024.jpeg 701w, https:\/\/gaiasgifts22.nl\/wp-content\/uploads\/2024\/07\/IMG_3043-205x300.jpeg 205w, https:\/\/gaiasgifts22.nl\/wp-content\/uploads\/2024\/07\/IMG_3043-768x1123.jpeg 768w, https:\/\/gaiasgifts22.nl\/wp-content\/uploads\/2024\/07\/IMG_3043-1051x1536.jpeg 1051w, https:\/\/gaiasgifts22.nl\/wp-content\/uploads\/2024\/07\/IMG_3043-1401x2048.jpeg 1401w, https:\/\/gaiasgifts22.nl\/wp-content\/uploads\/2024\/07\/IMG_3043-600x877.jpeg 600w, https:\/\/gaiasgifts22.nl\/wp-content\/uploads\/2024\/07\/IMG_3043-scaled.jpeg 1751w\" sizes=\"auto, (max-width: 701px) 100vw, 701px\" \/><\/figure>\n<\/div>\n","protected":false},"excerpt":{"rendered":"<p>Edelstenen reinigen en opladen De positieve energie die een edelsteen aan zijn directe omgeving afgeeft, zal regelmatig moeten worden aangevuld (opladen) of worden gereinigd van negatieve energie die de edelsteen heeft opgedaan tijdens het gebruik zal ook regelmatig moeten worden ontladen reinigen).&nbsp; Zo is het bijvoorbeeld verstandig om een steen of sieraad welke je nieuw [&hellip;]<\/p>\n","protected":false},"author":1,"featured_media":0,"parent":0,"menu_order":0,"comment_status":"closed","ping_status":"closed","template":"","meta":{"footnotes":""},"class_list":["post-227","page","type-page","status-publish","hentry"],"aioseo_notices":[],"_links":{"self":[{"href":"https:\/\/gaiasgifts22.nl\/index.php?rest_route=\/wp\/v2\/pages\/227","targetHints":{"allow":["GET"]}}],"collection":[{"href":"https:\/\/gaiasgifts22.nl\/index.php?rest_route=\/wp\/v2\/pages"}],"about":[{"href":"https:\/\/gaiasgifts22.nl\/index.php?rest_route=\/wp\/v2\/types\/page"}],"author":[{"embeddable":true,"href":"https:\/\/gaiasgifts22.nl\/index.php?rest_route=\/wp\/v2\/users\/1"}],"replies":[{"embeddable":true,"href":"https:\/\/gaiasgifts22.nl\/index.php?rest_route=%2Fwp%2Fv2%2Fcomments&post=227"}],"version-history":[{"count":26,"href":"https:\/\/gaiasgifts22.nl\/index.php?rest_route=\/wp\/v2\/pages\/227\/revisions"}],"predecessor-version":[{"id":889,"href":"https:\/\/gaiasgifts22.nl\/index.php?rest_route=\/wp\/v2\/pages\/227\/revisions\/889"}],"wp:attachment":[{"href":"https:\/\/gaiasgifts22.nl\/index.php?rest_route=%2Fwp%2Fv2%2Fmedia&parent=227"}],"curies":[{"name":"wp","href":"https:\/\/api.w.org\/{rel}","templated":true}]}}